et o = -623 - -658. What are the prime factors of o?
5, 7
Let q = -19 + 20. Let z be 702/8 - q/(-4). What are the prime factors of (z/2)/(-12 + 13)?
2, 11
Let m(h) = -2*h - 14. Let o be m(-8). Suppose -t = o*t. Suppose 5*s - u - 236 = 0, 2*s + u - 93 = -t*s. List the prime factors of s.
47
Let y be -3 + 2 + (-8)/2. Let k(b) = b**3 + 4*b**2 - 5*b + 5. Let z be k(y). Suppose z*g - 114 = 4*s, -g + s + 23 + 0 = 0. What are the prime factors of g?
2, 11
Let h(q) = q**3 + 2*q**2 - 2*q. Let x be h(-3). Let a be (100/30)/((-2)/x). Suppose -45 = -5*u - a. What are the prime factors of u?
2
Suppose 0*y = y - 1. Let o = y + -3. Let l(j) = 4*j**2 - 2*j - 4. List the prime factors of l(o).
2
Suppose -3*b - n - 33 = 90, -15 = 5*n. Let p = 82 + b. What are the prime factors of p?
2, 3, 7
List the prime factors of ((9080/(-6))/(-5))/((-16)/(-24)).
2, 227
Let n(l) = l**2 - 8*l - 4. Let z be n(6). Let k = z - -22. Suppose -4*p + k*h + 38 = 5*h, 51 = 5*p - 3*h. List the prime factors of p.
3
Let b(n) = 231*n + 5. What are the prime factors of b(2)?
467
What are the prime factors of -1 + (1746 - (18 + -9))?
2, 7, 31
Suppose -5*s + 23189 = 3*f, 13925 = 3*s - 14*f + 10*f. What are the prime factors of s?
4639
Let o(g) = -68*g - 2. Let v be o(2). Let n = v - 73. List the prime factors of n/(-6) - (-6)/(-36).
5, 7
Let i = -3132 - -5848. List the prime factors of i.
2, 7, 97
Let i = 1863 + -559. List the prime factors of i.
2, 163
Suppose -5*k - 43 = -5*z + 2*z, 3*z - 35 = 4*k. Let v = -14 - k. What are the prime factors of v/((-19)/8 + 2)?
2
Let b = 268 - -255. List the prime factors of b.
523
Suppose 49 = -2*o - 55. Let m = o - -76. List the prime factors of m.
2, 3
Let s(q) = q**3 + 4*q**2 - 1. Let r be s(1). Suppose -r*k + 748 = -220. What are the prime factors of k?
2, 11
Suppose -o - 7 = -2*o + y, -3*y = -5*o + 41. Suppose -o*j + 83 = -9*j. List the prime factors of j.
83
Let t(c) be the second derivative of -16*c - 2*c - c**2 + 9*c - 6*c**3. List the prime factors of t(-1).
2, 17
Let m(r) = -9*r**2 + 4*r - 2. Let i be m(1). Let j(h) = h**3 + 6*h**2 - 8*h - 5. What are the prime factors of j(i)?
2
Let o(q) = q**3 - 15*q**2 + 11*q - 4. Let z be o(14). List the prime factors of -3 - z - (3 - 1).
41
Let t = 34 + -42. What are the prime factors of (-2)/t - 777/(-12)?
5, 13
Suppose -5*f + 5*z + 2680 = 0, -f - 12*z = -9*z - 540. List the prime factors of f.
3, 179
Suppose -18*x + 1365 = -3*x. What are the prime factors of x?
7, 13
Suppose 0*p = 3*p - 2*m - 1520, 5*p = -m + 2529. List the prime factors of p.
2, 11, 23
Let f = 31 + -22. What are the prime factors of 2*-8*f/(-6)?
2, 3
Suppose 0 = -x + 5*s - 3 - 0, -2*x = -2*s + 6. Let v(l) = -4*l**3 + 3*l**2 - l - 9. List the prime factors of v(x).
3, 43
Let b(m) = 6 - 10*m + 23*m - 12*m. Let t = 3 + 2. List the prime factors of b(t).
11
Let o(r) = 390*r**2 + 7*r - 8. What are the prime factors of o(3)?
13, 271
Suppose -5*y = 2*w - 4*w - 38, 2*w - 2 = 0. Let t(p) = p**2 + 5*p - 10. What are the prime factors of t(y)?
2, 47
What are the prime factors of ((-2880)/(-300))/((-3)/(-40))?
2
Let f(c) = -c**2 - 2*c + 60. Let x be 0/(0/4 + -1). What are the prime factors of f(x)?
2, 3, 5
Let i(z) be the first derivative of -z**3/3 - 5*z**2/2 - 4*z - 6. Let s be i(-4). Suppose w - 28 = -s. List the prime factors of w.
2, 7
Suppose 3*g + 3*k - 3 = 0, 3 = 5*g + 6*k - 2*k. Let d be (g + 16/10)*15. Suppose 5*y - 28 = 5*i + 7, 0 = y + i - d. List the prime factors of y.
2
Let m(w) = w**3 - 6*w**2 + 3*w - 3. Suppose 2*i - 36 = -0*i. Suppose -2*b = -5*b + i. What are the prime factors of m(b)?
3, 5
Suppose -4*q + 4*f + 3 - 7 = 0, -3*f = 2*q - 18. Let j(g) = 2*g**3 - 3*g**2 + 5*g. List the prime factors of j(q).
2, 3, 7
Let u(h) = h**3 - 18*h**2 + 25*h - 19. Let v be u(17). Let c = v + -54. What are the prime factors of c?
3, 7
Let n be 1/((-1716)/860 - -2). Suppose -3*y + 2*y + 2*h + 54 = 0, h - n = -5*y. List the prime factors of y.
2, 11
Let f = -1 - -8. Let m be 26/(-91) - 68/f. Let h = m + 15. List the prime factors of h.
5
Let k(p) = p**2 - 4*p - 3. Let w = -9 + 6. What are the prime factors of k(w)?
2, 3
Suppose -2*b + 3*b = 0. Let t = -12 - b. What are the prime factors of (10/6)/((-2)/t)?
2, 5
Let i(z) = z + 6*z**2 + 16 + 10*z**2 - 4*z**2 + z**3. Let l be i(-12). Suppose -3*k = 4*r - 160, -127 = r - l*r - 4*k. What are the prime factors of r?
37
Let n(l) = 4*l - 1. Let b be n(0). Let i be 5*(-1)/1*b. Suppose 5 = i*f - 305. List the prime factors of f.
2, 31
Let y(c) = 9*c**3 + 15*c**2 + 21*c - 15. Let i(k) = -5*k**3 - 8*k**2 - 11*k + 8. Let h(f) = -7*i(f) - 4*y(f). What are the prime factors of h(-5)?
2
Suppose 5*p - 30 = n, 3*p - 2*n = -p + 30. Let r(j) = 35*j - 51. List the prime factors of r(p).
2, 31
Suppose 8 = -4*y + 3*y. Let u = -26 + y. Let c = 23 - u. List the prime factors of c.
3, 19
Suppose 4*u - 10 + 22 = 0. Let o be -3*(-3)/u*-47. Suppose -2*d + o = d. What are the prime factors of d?
47
Let x(l) = 6*l**3 - 10*l**2 - 14*l - 15. Let q(m) = -5*m**3 + 11*m**2 + 15*m + 16. Let g(c) = 5*q(c) + 4*x(c). List the prime factors of g(16).
2, 17
Let q = -58 + 62. Suppose 0 = 4*x - 3*n - 151, -x = q*n - 2*n - 24. What are the prime factors of x?
2, 17
Let o = 9 + -5. Let q(b) = 14*b**2 - 5*b + 6. Let d be q(-5). Suppose -5*x + 0*u + 4*u + d = 0, -300 = -o*x + 2*u. What are the prime factors of x?
73
Let w(b) = 3*b**2 + 4*b - 9. Let y be w(5). Suppose 4*c - y = 630. List the prime factors of c.
179
Let h(q) = -2*q + 10. Let a be h(3). Suppose 4*n - 708 = -4*r, -r + 0*r = -a*n - 157. List the prime factors of r.
173
Let l(n) = n**3 + 9*n**2 + 9*n + 9. Suppose -21 = -4*w - 53. Let r be l(w). List the prime factors of 38/(-6)*r*-3.
19
Let i be ((-30)/50)/((-1)/5). Let y be -9*(-1)/i*1. Suppose -3*q + 76 = 2*b - y*b, 45 = 2*q + 5*b. What are the prime factors of q?
5
Let s = -119 + 228. Suppose 4*q + 5*n = s, 0 = -0*n - n + 5. List the prime factors of q.
3, 7
Let d(j) = j**3 - 11*j**2 + 5*j - 9. Let g be d(11). Let a = -24 + g. What are the prime factors of a?
2, 11
Let k = 6 + -3. Suppose 0 = -0*v - 2*v. Let d = v + k. List the prime factors of d.
3
Let g(u) be the first derivative of 4*u**2 + 4*u + 22. What are the prime factors of g(6)?
2, 13
Suppose 4 = 7*b - 5*b. Suppose n - 4*t + 1 = -0, b*n + 4*t = 34. What are the prime factors of n?
11
Suppose 4*u + 81 = 5. Let g = 77 + u. What are the prime factors of g?
2, 29
Let c = 103 + -105. List the prime factors of 0 - 2/4 - 333/c.
2, 83
Let x be 5*2/5*2. Suppose -2*r + 4 - 12 = 0, -2*n = r - x. Let o = n + 17. What are the prime factors of o?
3, 7
Suppose u = q - 6*q + 7, 5*u - 2*q - 8 = 0. Suppose u*y = 5*y - 102. Suppose -y = z - 2*z. What are the prime factors of z?
2, 17
Suppose -3*a + 2 = -c, 6*c - a + 38 = 3*c. Let i = 21 + c. Let w = 2 + i. What are the prime factors of w?
3
Suppose 19047 = 11*h + 1590. List the prime factors of h.
3, 23
Let b = -68 + 58. List the prime factors of (-990)/11*12/b.
2, 3
Suppose 40*k - 1446 = 3234. List the prime factors of k.
3, 13
Suppose 33*v - 30150 = 8*v. List the prime factors of v.
2, 3, 67
Suppose -8*w + 231 = 13*w. List the prime factors of w.
11
Let u(o) = 127*o**2 - 11*o + 23. List the prime factors of u(6).
7, 647
Let o be -63*(-4 - ((-6)/9 - 4)). Let v = o + 131. What are the prime factors of v?
89
Let h(s) = -s**3 + 5*s**2 - 47*s + 3. List the prime factors of h(-14).
5, 877
Let d = -135 - -296. Suppose d = -3*o + 4*o. Suppose 0 = -2*t - 3*m + 69, 5*t + 31 = m + o. List the prime factors of t.
3
Suppose -4*p + 8*q + 46 = 5*q, -4*q + 12 = 2*p. Let t = p - 4. Let z(j) = -j**2 + 17*j - 3. What are the prime factors of z(t)?
3, 7
Suppose 0 = -3*l - 10*w + 12*w + 7415, 7445 = 3*l + 4*w. List the prime factors of l.
3, 5, 11
Let m be (-1)/((-17)/(-8) + -2). Let h(s) = -s**2 - 1 + 4*s + 0 + 2 - 16*s. What are the prime factors of h(m)?
3, 11
List the prime factors of (4 + -1)*4855/15.
971
Let p(a) = 3*a + 46. Let u be p(-14). Suppose -6*t + 787 = -3*t + 4*l, u*l + 1096 = 4*t. What are the prime factors of t?
269
Suppose 5*q = 5*v + 760, -4*q - 157 + 741 = 4*v. What are the prime factors of q?
149
Let w(g) = 22*g - 19. What are the prime factors of w(24)?
509
Let s(r) = r**3 + 25*r**2 - 43*r - 40. List the prime factors of s(-24).
2